the prime factors of w.
2
Let b(j) = j**3 + 11*j**2 + 9*j - 3. Suppose 1 = -2*k - 1. Let f = -9 + k. List the prime factors of b(f).
7
Let x(a) = -20*a + 12. What are the prime factors of x(-4)?
2, 23
Suppose 4*h = a + 7, -4*a + 0*a - 5*h + 14 = 0. List the prime factors of a*5*(-85)/(-25).
17
Let i(t) = -4*t - 22. List the prime factors of i(-15).
2, 19
Suppose 5 = -q + 2*q. Suppose 0 = q*r - 3 - 7. Suppose -2 = -r*b + 8. List the prime factors of b.
5
List the prime factors of (-31*2)/(-2) - (-2 - 2).
5, 7
Let y be 3/2 - (-103)/(-2). Let u = -35 - y. List the prime factors of u.
3, 5
Suppose 105 = r + 4*r. Let i = -2 - -5. Suppose i*a = -0*a + r. What are the prime factors of a?
7
Suppose 11*b - 540 = 6*b. What are the prime factors of b?
2, 3
Let d(j) = j**3 - 5*j**2 - 5*j + 5. Let z be d(5). Let s = z - -35. What are the prime factors of s?
3, 5
Let q be 5/(5/(-2)) + 154. Suppose -4*i - 7*p + 152 = -5*p, 0 = -4*i + p + q. List the prime factors of i.
2, 19
Let j(s) = -s**3 - 7*s**2 - 6*s + 2. Let o be j(-5). Let q = o - -43. Suppose -z - 15 = -h, 5*z - q = -3*h + 3*z. List the prime factors of h.
11
Suppose 2*o + 50 = m + 4*m, 49 = 3*m - 5*o. List the prime factors of m.
2
Let b(w) = 18*w**2 - 17*w**2 - 2 + 4. What are the prime factors of b(-3)?
11
Suppose 2*h - 3 = 3. Let a(p) = p**3 - 3*p**2 + 3*p - 3. Let d be a(h). Let q = 13 - d. List the prime factors of q.
7
What are the prime factors of (-1 + 1 - -1) + 16?
17
Suppose -4*m + 62 + 14 = 0. Suppose -5 + m = w. What are the prime factors of w?
2, 7
Let d = 12 + -37. Let p = d + 48. Suppose 0 = 5*b - 22 - p. What are the prime factors of b?
3
Let n(y) = -2*y + 16. What are the prime factors of n(-7)?
2, 3, 5
Suppose 5*x = 6*x - 3. Suppose x*c = 88 + 44. List the prime factors of c.
2, 11
Suppose 3*n - 34 = u, -28 = 2*n - 5*n + 4*u. Let s(m) = -m**3 - 9*m**2 - 11*m - 6. Let j be s(-8). Suppose -j = -3*g + n. List the prime factors of g.
2, 5
Suppose -10 = 2*b, -2*w + 4*b + 18 = -64. What are the prime factors of w?
31
Suppose g - 8 - 122 = 0. What are the prime factors of g?
2, 5, 13
Suppose a - 5*a = 0. Let l(k) = k + 18. Let n be l(a). Let o = -10 + n. List the prime factors of o.
2
Suppose 4*g - 4*c - 12 = 0, 2*g = 4*g - c - 10. List the prime factors of g.
7
Suppose 14 = 10*b - 9*b. List the prime factors of b.
2, 7
List the prime factors of 1/4 - (813/(-12) + -2).
2, 5, 7
Let t be (-9)/(-12) + 2/8. Suppose -2*q = 4*w - 7*q - t, 5*q = w + 11. What are the prime factors of (-4)/8*w/(-1)?
2
Let h = 5 + -3. Suppose -95 = -5*b - 5*t, h*t = -b - 2*t + 28. List the prime factors of b.
2
Suppose -4*n - 60 = 5*q, -q + 48 = -4*n - 3*q. Let g = -3 - -2. List the prime factors of n/(0/(-1) + g).
2, 5
Let x = 76 + -16. List the prime factors of x.
2, 3, 5
Let t(a) = 14*a - 1 - 17*a - 19*a. Let q be t(-1). Let z = -12 + q. What are the prime factors of z?
3
List the prime factors of 5*(-5)/((-15)/9).
3, 5
Let z(k) = 4*k**2 - 3*k**2 - 6*k + 0*k**2 - 13. Let m be z(9). Suppose -v + f + 11 = 3*f, -4*v + m = -2*f. What are the prime factors of v?
5
Suppose 2*f = -0*v - 2*v - 10, 0 = 5*f - 5*v - 5. Let c(y) = 4*y**2 - 5*y - 4. Let a(m) = m**2. Let p(b) = f*a(b) + c(b). What are the prime factors of p(4)?
2
Let k = -17 - -21. Suppose k*r - 45 = -r. What are the prime factors of r?
3
Let u = 4 - -2. What are the prime factors of u?
2, 3
Let k = -214 + 328. List the prime factors of k.
2, 3, 19
Let a(x) be the first derivative of -x**3/3 + 7*x**2/2 - 8*x + 1. Let p be a(6). What are the prime factors of (-12)/7*(p - 5)?
2, 3
Let m be 1*(-2 - 2/2). Let r(w) = -2 + 6 + 3*w + w**2 + 0. What are the prime factors of r(m)?
2
Suppose s = -2*m + 595, -m - s + 285 + 12 = 0. What are the prime factors of m?
2, 149
Suppose h = -4*m - 0 + 10, 4*m = 8. Suppose 0 = -h*d + 18 + 16. What are the prime factors of d?
17
Let t(v) be the first derivative of -5/3*v**3 + 1/4*v**4 - 1 + 0*v**2 + 2*v. What are the prime factors of t(5)?
2
Let m(f) = 263*f**2 + 4*f - 4. List the prime factors of m(1).
263
Suppose 114 = 4*h - 38. List the prime factors of h.
2, 19
Let a = -28 - -24. Let r(h) = 4*h**2 - 4*h + h**3 - 1 + 1. List the prime factors of r(a).
2
List the prime factors of (7 - 0)*944/56.
2, 59
Suppose -7*o = -3*o. Let w be 8 + 1/(3/3). Suppose -r + w = -o. List the prime factors of r.
3
Let x = 12 + -14. Suppose -2*y - 5*r = 21, 2*y - r - 6 = 3*y. What are the prime factors of ((-24)/(-18))/(x/y)?
2
What are the prime factors of (-306)/(-8) - 18/(-24)?
3, 13
Let r(d) = d**2 + d + 21. List the prime factors of r(9).
3, 37
Let l(t) = t**3 - 5*t**2 - 4*t - 6. Let a = 7 - 1. Let i be l(a). List the prime factors of 8/(-3)*(-9)/i.
2
Suppose 5*q = 0, -2*v - 5*q = -2*q. Let w = v + 2. What are the prime factors of (2 - 2) + 4/w?
2
Let y(t) = -17*t + 1. Suppose -4*h - 3 = 1. List the prime factors of y(h).
2, 3
Let h(f) = -3*f - 3. Let c be h(-4). Let z(j) = j**3 - 6*j**2 + 6*j - 3. Let g be z(5). Suppose g*s - c = 11. What are the prime factors of s?
2, 5
Suppose -5*i = d + 8 + 1, 0 = d - i - 9. Suppose -2*p = 5*g - 58, -g + 24 = 5*p - d. List the prime factors of g.
2, 5
Let y(c) = -6*c - 43. What are the prime factors of y(-8)?
5
Suppose 2*x - 6 = l, 0 = -2*x - 0*x + 5*l + 14. Suppose -2*g = d - 157, -x*d = -4*g + 466 - 164. Suppose 0 = -5*p + g + 13. What are the prime factors of p?
2, 3
Let t be (-1)/2*-4 + 22. Suppose -t = 5*d + 11. Let i(c) = c**3 + 6*c**2 - 8*c - 2. List the prime factors of i(d).
5
List the prime factors of ((-262)/4)/((-2)/4).
131
Suppose -5*r = -9*r + 268. What are the prime factors of r?
67
Suppose -1252 = -7*s + 337. List the prime factors of s.
227
Suppose 2*t + i = -4*i + 274, 0 = 5*t - 2*i - 743. Suppose 117 = 3*z + 5*q + 12, q = 5*z - t. Suppose -k = 4*k - z. What are the prime factors of k?
2, 3
Let y(o) = -o**3 - 7*o**2 - 7*o - 2. Let j be y(-6). Suppose -n = 2*n - 3*g - 48, -5*n + 75 = -j*g. List the prime factors of n.
11
Let k(p) = -p + 23. What are the prime factors of k(13)?
2, 5
Let a(x) = 2*x**2 + 19*x - 9. Let g(p) = -3*p**2 - 29*p + 14. Let h(d) = -8*a(d) - 5*g(d). What are the prime factors of h(-5)?
2, 3
Suppose 4 = k + 1, 3*h + 3*k = 60. What are the prime factors of 1 + h + -3 + -2?
13
Let a(i) = i**3 + i**2 + i - 4. Let c be a(0). What are the prime factors of 46 - (7 - (c - -8))?
43
Suppose -4*a + 100 = a. Suppose -k = -a - 8. Suppose 5*p - 32 - k = 0. List the prime factors of p.
2, 3
Suppose 3*u + y - 20 = 4, -3*u + 4*y = -39. What are the prime factors of u?
3
Let j = 194 + -92. List the prime factors of j.
2, 3, 17
Let r(y) = -y**2 - 7*y - 5. Let c be r(-5). Suppose -3*p - c*p = -112. List the prime factors of p.
2, 7
Suppose -5*u - 5*k = -2*k + 465, -186 = 2*u - 2*k. Let i = -66 - u. List the prime factors of (45/i)/(2/12).
2, 5
Let a be (4*26)/1 - 2. Suppose 0*c + a = 6*c. What are the prime factors of c?
17
Let z(h) = -h + 5. Let l be z(6). List the prime factors of l/(-2*3/60).
2, 5
Suppose -2*l + 41 = f, f - l - l - 53 = 0. List the prime factors of f.
47
Suppose 2*r + 0 = 8. Suppose 0 = 2*z - z - 2. Suppose r*d - z*d - 8 = 0. List the prime factors of d.
2
Suppose 0*r = -3*r + 3. Let u be ((-2)/6)/(6/18). What are the prime factors of u*-7*1*r?
7
Suppose -4*p + 11*p = 203. What are the prime factors of p?
29
Suppose 0 = -0*u - 3*u + 3*t - 6, -u = 4*t - 23. Let d = u + 0. What are the prime factors of d?
3
Let k = -329 + 173. List the prime factors of (k/18)/(2/(-9)).
3, 13
List the prime factors of 8/(-84)*-7 + (-218)/(-6).
37
Suppose -5*w - 36 = 39. What are the prime factors of (w/(-6) + -3)*-22?
11
Suppose -16 - 5 = -3*j. Let i(b) = -b**3 + 8*b**2 - 8*b + 10. Let d be i(j). List the prime factors of (4 + d)*12/14.
2, 3
Let x(l) = -4*l**3 + 4*l**2 + 2*l + 7. Let g(c) = 5*c**3 - 4*c**2 - c - 8. Let v(j) = 3*g(j) + 4*x(j). What are the prime factors of v(5)?
2
Let o(k) = -8*k**3 + k**2 + 2*k + 1. Let a be o(-1). Suppose 0 = 5*z - 58 + a. Suppose z = -3*q + 4*q. What are the prime factors of q?
2, 5
Suppose 5 = 2*t - 23. Let q = -12 + t. List the prime factors of q.
2
Suppose -2*w = -3*a - 60, 2*a - 3*a = -3*w + 76. Suppose 6*o + 2*t = o + w, -4*o = -3*t - 10. What are the prime factors of o?
2
Suppose -3*t - 2 = 10. List the prime factors of t*(-1)/2 - -10.
2, 3
